-- http://www.phpmyadmin.net
--




--
-- Database: `luiscord_systems_adminfinca`
--

-- --------------------------------------------------------

--
-- Table structure for table `accesos`
--

CREATE TABLE IF NOT EXISTS `accesos` (
  `id_acceso` bigint(20) NOT NULL AUTO_INCREMENT,
  `id_rol` bigint(20) DEFAULT NULL,
  `id_metodo` bigint(20) DEFAULT NULL,
  PRIMARY KEY (`id_acceso`)
) ENGINE=InnoDB DEFAULT CHARSET=utf8 AUTO_INCREMENT=1 ;

-- --------------------------------------------------------

--
-- Table structure for table `articubodega`
--

CREATE TABLE IF NOT EXISTS `articubodega` (
  `id_articubodega` bigint(20) NOT NULL AUTO_INCREMENT,
  `bodega` bigint(20) DEFAULT NULL,
  `grupo` bigint(20) DEFAULT NULL,
  `subgrupo` bigint(20) DEFAULT NULL,
  `articulo` bigint(20) DEFAULT NULL,
  `precio_ult_compra` decimal(10,2) DEFAULT NULL,
  `fecha_entrada` date DEFAULT NULL,
  `fecha_salida` date DEFAULT NULL,
  `cant_min` decimal(10,2) DEFAULT NULL,
  `cant_pedir` decimal(10,2) DEFAULT NULL,
  `usuario_ab` varchar(255) DEFAULT NULL,
  `fecha_ab` date DEFAULT NULL,
  `hora_ab` varchar(150) DEFAULT NULL,
  `estatus` varchar(255) DEFAULT NULL,
  `ult_proveedor` varchar(12) DEFAULT NULL,
  `localizacion1` int(11) DEFAULT NULL,
  `localizacion2` int(11) DEFAULT NULL,
  `localizacion3` int(11) DEFAULT NULL,
  `localizacion4` int(11) DEFAULT NULL,
  `cant_inicial` decimal(10,2) DEFAULT NULL,
  `entradas` decimal(10,2) DEFAULT NULL,
  `salidas` decimal(10,2) DEFAULT NULL,
  `vr_inicial` decimal(10,2) DEFAULT NULL,
  `debito` decimal(10,2) DEFAULT NULL,
  `credito` decimal(10,2) DEFAULT NULL,
  PRIMARY KEY (`id_articubodega`)
) ENGINE=InnoDB  DEFAULT CHARSET=utf8 AUTO_INCREMENT=11 ;

--
-- Dumping data for table `articubodega`
--

INSERT INTO `articubodega` (`id_articubodega`, `bodega`, `grupo`, `subgrupo`, `articulo`, `precio_ult_compra`, `fecha_entrada`, `fecha_salida`, `cant_min`, `cant_pedir`, `usuario_ab`, `fecha_ab`, `hora_ab`, `estatus`, `ult_proveedor`, `localizacion1`, `localizacion2`, `localizacion3`, `localizacion4`, `cant_inicial`, `entradas`, `salidas`, `vr_inicial`, `debito`, `credito`) VALUES
(9, 2, 3, 3, 595, NULL, NULL, NULL, NULL, NULL, 'administrador', '2016-09-22', '3:39:27 AM', 'A', NULL, NULL, NULL, NULL, NULL, NULL, NULL, NULL, NULL, NULL, NULL),
(10, 2, 3, 3, 594, '0.00', '2016-11-07', '2016-11-26', '0.00', '0.00', 'administrador', '2016-11-07', '9:58:10 PM', 'A', '', 0, 0, 0, 0, '0.00', '0.00', '0.00', '0.00', NULL, NULL);

-- --------------------------------------------------------

--
-- Table structure for table `articulos`
--

CREATE TABLE IF NOT EXISTS `articulos` (
  `nombre_art` varchar(255) DEFAULT NULL,
  `descripcion_art` varchar(255) DEFAULT NULL,
  `subgrupo` bigint(20) DEFAULT NULL,
  `creado_art` varchar(150) DEFAULT NULL,
  `fecha_art` date DEFAULT NULL,
  `hora_art` varchar(150) DEFAULT NULL,
  `grupo` bigint(20) DEFAULT NULL,
  `cod_art` bigint(255) NOT NULL,
  `unidad` varchar(150) DEFAULT NULL,
  `consumo` varchar(150) DEFAULT NULL,
  `factor_conversion` float(20,0) DEFAULT NULL,
  `cod_tpi` bigint(20) DEFAULT NULL,
  `id_articulo` bigint(20) NOT NULL AUTO_INCREMENT,
  PRIMARY KEY (`id_articulo`)
) ENGINE=InnoDB  DEFAULT CHARSET=utf8 AUTO_INCREMENT=20 ;

--
-- Dumping data for table `articulos`
--

INSERT INTO `articulos` (`nombre_art`, `descripcion_art`, `subgrupo`, `creado_art`, `fecha_art`, `hora_art`, `grupo`, `cod_art`, `unidad`, `consumo`, `factor_conversion`, `cod_tpi`, `id_articulo`) VALUES
('PURGANTE RAPIDO', NULL, 3, 'administrador', '2016-11-07', '8:39:31 PM', 3, 595, 'FCO', 'FCO', 1, 0, 18),
('HOSTAPHOS', NULL, 3, 'administrador', '2016-09-22', '3:54:07 AM', 3, 594, 'KGR', 'KGR', 1, 0, 19);

-- --------------------------------------------------------

--
-- Table structure for table `documbodega`
--

CREATE TABLE IF NOT EXISTS `documbodega` (
  `id_documbodega` bigint(20) NOT NULL AUTO_INCREMENT,
  `tipo_doc` bigint(20) DEFAULT NULL,
  `bodega` bigint(20) DEFAULT NULL,
  `prox_num` int(11) DEFAULT '1',
  `creado_db` varchar(150) DEFAULT NULL,
  `fecha_db` date DEFAULT NULL,
  `hora_db` varchar(150) DEFAULT NULL,
  PRIMARY KEY (`id_documbodega`)
) ENGINE=InnoDB  DEFAULT CHARSET=utf8 AUTO_INCREMENT=6 ;

--
-- Dumping data for table `documbodega`
--

INSERT INTO `documbodega` (`id_documbodega`, `tipo_doc`, `bodega`, `prox_num`, `creado_db`, `fecha_db`, `hora_db`) VALUES
(5, 1, 2, 1, 'administrador', '2016-08-29', '5:15:46 PM');

-- --------------------------------------------------------

--
-- Table structure for table `documentos`
--

CREATE TABLE IF NOT EXISTS `documentos` (
  `id_documento` bigint(20) NOT NULL AUTO_INCREMENT,
  `nombre_documento` varchar(255) DEFAULT NULL,
  `tipo` enum('Entrada','Salida','Ambos','No de E/S') DEFAULT NULL,
  `tipo1` enum('Ajuste','Normal') DEFAULT NULL,
  `req_proveedor` enum('SI','NO') DEFAULT NULL,
  `tipo_doc` enum('SC','SA','EA') DEFAULT NULL,
  `creado_doc` varchar(150) DEFAULT NULL,
  `fecha_doc` date DEFAULT NULL,
  `hora_doc` varchar(150) DEFAULT NULL,
  PRIMARY KEY (`id_documento`)
) ENGINE=InnoDB  DEFAULT CHARSET=utf8 AUTO_INCREMENT=2 ;

--
-- Dumping data for table `documentos`
--

INSERT INTO `documentos` (`id_documento`, `nombre_documento`, `tipo`, `tipo1`, `req_proveedor`, `tipo_doc`, `creado_doc`, `fecha_doc`, `hora_doc`) VALUES
(1, 'Solicitud de compra', 'No de E/S', 'Ajuste', 'SI', 'SC', 'administrador', '2016-08-25', '1:16:35 AM');

-- --------------------------------------------------------

--
-- Table structure for table `fincas`
--

CREATE TABLE IF NOT EXISTS `fincas` (
  `id_finca` bigint(20) NOT NULL AUTO_INCREMENT,
  `nombre_finca` varchar(150) DEFAULT NULL,
  `id_sociedad` bigint(20) DEFAULT NULL,
  `nro_lotes` varchar(150) DEFAULT NULL,
  `id_usuario` bigint(20) DEFAULT NULL,
  `creado_fi` varchar(150) DEFAULT NULL,
  `fecha_fi` date DEFAULT NULL,
  `hora_fi` varchar(150) DEFAULT NULL,
  `id_admin` bigint(20) DEFAULT NULL,
  PRIMARY KEY (`id_finca`)
) ENGINE=InnoDB  DEFAULT CHARSET=utf8 AUTO_INCREMENT=3 ;

--
-- Dumping data for table `fincas`
--

INSERT INTO `fincas` (`id_finca`, `nombre_finca`, `id_sociedad`, `nro_lotes`, `id_usuario`, `creado_fi`, `fecha_fi`, `hora_fi`, `id_admin`) VALUES
(2, 'Cantarrana', 1, '150', 9, 'administrador', '2016-08-24', '6:05:56 PM', NULL);

-- --------------------------------------------------------

--
-- Table structure for table `grupos`
--

CREATE TABLE IF NOT EXISTS `grupos` (
  `id_grupo` bigint(20) NOT NULL AUTO_INCREMENT,
  `descripcion` varchar(255) DEFAULT NULL,
  `fecha_gru` date DEFAULT NULL,
  `creado_gru` varchar(150) DEFAULT NULL,
  `hora_gru` varchar(150) DEFAULT NULL,
  `cod_gru` varchar(150) DEFAULT NULL,
  PRIMARY KEY (`id_grupo`)
) ENGINE=InnoDB  DEFAULT CHARSET=utf8 AUTO_INCREMENT=45 ;

--
-- Dumping data for table `grupos`
--

INSERT INTO `grupos` (`id_grupo`, `descripcion`, `fecha_gru`, `creado_gru`, `hora_gru`, `cod_gru`) VALUES
(5, 'ACEITES y algo mas', '2016-09-22', 'administrador', '1:04:11 AM', '1'),
(8, 'APEROS, VETERINARIOS Y CONCENTRADOS', '2016-09-22', 'administrador', '1:35:09 AM', '3'),
(9, 'BANDAS DE TRANS. Y TRANSPORTE', '2016-09-22', 'administrador', '1:36:07 AM', '5'),
(10, 'BOMBAS MOTOBOMBAS Y REPUESTOS', '2016-09-22', 'administrador', '1:36:44 AM', '7'),
(11, 'COMBUSTIBLES', '2016-09-22', 'administrador', '1:37:05 AM', '10'),
(12, 'CONDUCTORES ELECT TELEFON,Y CONDUIT', '2016-09-22', 'administrador', '1:37:24 AM', '11'),
(13, 'CADENA P/TRANS. ARRASTRE CABLE', '2016-09-22', 'administrador', '1:37:43 AM', '12'),
(14, 'EMPAQUETADURAS DE USO GENERAL', '2016-09-22', 'administrador', '1:37:57 AM', '15'),
(15, 'ELEMENTOS DE PROTECCION', '2016-09-22', 'administrador', '1:38:17 AM', '16'),
(16, 'FERRETERIA MENUDA', '2016-09-22', 'administrador', '1:38:35 AM', '18'),
(17, 'FERTILIZANTE Y CORRECTIVOS', '2016-09-22', 'administrador', '1:38:52 AM', '19'),
(18, 'FILTROS', '2016-09-22', 'administrador', '1:39:11 AM', '20'),
(19, 'GRASAS', '2016-09-22', 'administrador', '1:39:29 AM', '21'),
(20, 'HERBICIDAS Y MADURANTES', '2016-09-22', 'administrador', '1:39:51 AM', '22'),
(21, 'HERRAMIENTAS DE MANO', '2016-09-22', 'administrador', '1:40:10 AM', '23'),
(22, 'IMPLEMENTOS,REACTIVOS LABORATORIO', '2016-09-22', 'administrador', '1:40:30 AM', '24'),
(23, 'IMPLEMENTOS AGRICOLAS', '2016-09-22', 'administrador', '1:40:58 AM', '25'),
(24, 'LUMINARIAS Y ACC ELEC DE INSTALACIO', '2016-09-22', 'administrador', '1:41:17 AM', '26'),
(25, 'LLANTAS Y RIMS', '2016-09-22', 'administrador', '1:41:39 AM', '28'),
(26, 'MTLES ELECTRICOS AGRICOLAS', '2016-09-22', 'administrador', '1:42:02 AM', '31'),
(27, 'MANGUERAS Y ACOPLES', '2016-09-22', 'administrador', '1:42:27 AM', '32'),
(28, 'MATERIALES OBRA CIVIL Y ACABADOS', '2016-09-22', 'administrador', '1:42:44 AM', '33'),
(29, 'MATERIALES DE ASEO', '2016-09-22', 'administrador', '1:43:08 AM', '34'),
(30, 'NEUMATICOS', '2016-09-22', 'administrador', '1:43:26 AM', '35'),
(31, 'PERFILES,LAMINAS,ANGULOS', '2016-09-22', 'administrador', '1:53:31 AM', '36'),
(32, 'PINONES POLEAS Y ACOPLES', '2016-09-22', 'administrador', '1:53:57 AM', '37'),
(33, 'PLAGUICIDAS', '2016-09-22', 'administrador', '1:54:16 AM', '38'),
(34, 'PRODUCTOS PROCESO', '2016-09-22', 'administrador', '1:54:34 AM', '39'),
(35, 'PLANTA TRATAMIENTO DE SEMILLA', '2016-09-22', 'administrador', '1:54:55 AM', '40'),
(36, 'EQUIPOS OFICINAS Y ELECTRODOME', '2016-09-22', 'administrador', '1:55:14 AM', '41'),
(37, 'RPTOS INSTRUMEN PRESION,TEMPERATURA', '2016-09-22', 'administrador', '1:55:33 AM', '42'),
(38, 'REPUESTOS Y PAPELERIA DE SISTEMAS', '2016-09-22', 'administrador', '1:56:03 AM', '77'),
(39, 'SOLDADURAS DE ARCO', '2016-09-22', 'administrador', '1:56:24 AM', '78'),
(40, 'TUBERIAS Y ACC. HIDRAULICOS', '2016-09-22', 'administrador', '1:56:43 AM', '80'),
(41, 'TORNILLERIA Y COMPLEMENTOS', '2016-09-22', 'administrador', '1:56:59 AM', '81'),
(42, 'TOPOGRAFIA', '2016-09-22', 'administrador', '1:57:17 AM', '82'),
(43, 'UTILES Y PAPELERIA', '2016-09-22', 'administrador', '1:58:08 AM', '83'),
(44, 'VALVULAS Y REPUESTOS', '2016-09-22', 'administrador', '1:58:27 AM', '84');

-- --------------------------------------------------------

--
-- Table structure for table `metodos`
--

CREATE TABLE IF NOT EXISTS `metodos` (
  `id_metodo` bigint(20) NOT NULL AUTO_INCREMENT,
  `nombre_metodo` varchar(255) DEFAULT NULL,
  `id_modulo` bigint(20) DEFAULT NULL,
  `creado_met` varchar(150) DEFAULT NULL,
  `fecha_met` date DEFAULT NULL,
  `hora_met` varchar(150) DEFAULT NULL,
  PRIMARY KEY (`id_metodo`)
) ENGINE=InnoDB  DEFAULT CHARSET=utf8 AUTO_INCREMENT=2 ;

--
-- Dumping data for table `metodos`
--

INSERT INTO `metodos` (`id_metodo`, `nombre_metodo`, `id_modulo`, `creado_met`, `fecha_met`, `hora_met`) VALUES
(1, 'Crear', 2, 'administrador', '2016-08-24', '6:00:13 PM');

-- --------------------------------------------------------

--
-- Table structure for table `modulos`
--

CREATE TABLE IF NOT EXISTS `modulos` (
  `id_modulo` bigint(20) NOT NULL AUTO_INCREMENT,
  `controlador` varchar(255) DEFAULT NULL,
  `creado_mod` varchar(150) DEFAULT NULL,
  `fecha_mod` date DEFAULT NULL,
  `hora_mod` varchar(150) DEFAULT NULL,
  PRIMARY KEY (`id_modulo`)
) ENGINE=InnoDB  DEFAULT CHARSET=utf8 AUTO_INCREMENT=3 ;

--
-- Dumping data for table `modulos`
--

INSERT INTO `modulos` (`id_modulo`, `controlador`, `creado_mod`, `fecha_mod`, `hora_mod`) VALUES
(2, 'Inventarios', 'administrador', '2016-08-24', '5:16:59 PM');

-- --------------------------------------------------------

--
-- Table structure for table `notificaciones`
--

CREATE TABLE IF NOT EXISTS `notificaciones` (
  `id_notificacion` bigint(20) NOT NULL AUTO_INCREMENT,
  `asunto` varchar(255) DEFAULT NULL,
  `mensaje` varchar(255) DEFAULT NULL,
  `fecha` varchar(255) DEFAULT NULL,
  `id_usuario` bigint(20) DEFAULT NULL,
  `estatus` enum('ACTIVA','PENDIENTE','CANCELADA','FINALIZADA') DEFAULT NULL,
  PRIMARY KEY (`id_notificacion`)
) ENGINE=InnoDB DEFAULT CHARSET=utf8 AUTO_INCREMENT=1 ;

-- --------------------------------------------------------

--
-- Table structure for table `pedidos`
--

CREATE TABLE IF NOT EXISTS `pedidos` (
  `id_pedido` bigint(20) NOT NULL AUTO_INCREMENT,
  `pedido` varchar(255) DEFAULT NULL,
  `creado_ped` varchar(150) DEFAULT NULL,
  `fecha_ped` date DEFAULT NULL,
  `hora_ped` varchar(150) DEFAULT NULL,
  `id_bodega` bigint(20) DEFAULT NULL,
  PRIMARY KEY (`id_pedido`)
) ENGINE=InnoDB DEFAULT CHARSET=utf8 AUTO_INCREMENT=1 ;

-- --------------------------------------------------------

--
-- Table structure for table `permisos`
--

CREATE TABLE IF NOT EXISTS `permisos` (
  `id_rol` bigint(20) DEFAULT NULL,
  `id_usuario` bigint(20) DEFAULT NULL,
  `id_permiso` bigint(20) NOT NULL AUTO_INCREMENT,
  `creado_perm` varchar(150) DEFAULT NULL,
  `fecha_perm` date DEFAULT NULL,
  `hora_perm` varchar(150) DEFAULT NULL,
  PRIMARY KEY (`id_permiso`)
) ENGINE=InnoDB  DEFAULT CHARSET=utf8 AUTO_INCREMENT=13 ;

--
-- Dumping data for table `permisos`
--

INSERT INTO `permisos` (`id_rol`, `id_usuario`, `id_permiso`, `creado_perm`, `fecha_perm`, `hora_perm`) VALUES
(1, 6, 2, NULL, NULL, NULL),
(2, 7, 3, NULL, NULL, NULL),
(3, 8, 4, NULL, NULL, NULL),
(4, 9, 5, NULL, NULL, NULL),
(4, 10, 6, NULL, NULL, NULL),
(4, 11, 7, NULL, NULL, NULL),
(4, 12, 8, NULL, NULL, NULL),
(4, 13, 9, NULL, NULL, NULL),
(4, 14, 10, NULL, NULL, NULL),
(4, 14, 11, NULL, NULL, NULL),
(4, 15, 12, NULL, NULL, NULL);

-- --------------------------------------------------------

--
-- Table structure for table `proveedores`
--

CREATE TABLE IF NOT EXISTS `proveedores` (
  `id_proveedor` bigint(20) NOT NULL AUTO_INCREMENT,
  `nitprov_rut` varchar(50) DEFAULT NULL,
  `dig_ver_rut` enum('No existe','13: Cedula','31: Nit','41: Pasaporte') DEFAULT NULL,
  `tipo_cntrbynte_rut` enum('1: Persona Jurídica','2: Persona natural') DEFAULT NULL,
  `tipo_dcmnto_rut` enum('41: Pasaporte','31: Nit','13: Cedula') DEFAULT NULL,
  `num_dcmnto_rut` varchar(50) DEFAULT NULL,
  `fec_expdcion_rut` date DEFAULT NULL,
  `pais_exp_rut` varchar(150) DEFAULT NULL,
  `dpto_exp_rut` varchar(150) DEFAULT NULL,
  `mun_exp_rut` varchar(150) DEFAULT NULL,
  `pri_aplldo_rut` varchar(50) DEFAULT NULL,
  `seg_aplldo_rut` varchar(50) DEFAULT NULL,
  `pri_nmbre_rut` varchar(50) DEFAULT NULL,
  `otros_nmbre_rut` varchar(50) DEFAULT NULL,
  `razon_scial_rut` varchar(70) DEFAULT NULL,
  `nom_cmrcial_rut` varchar(70) DEFAULT NULL,
  `pais_ubi_rut` varchar(70) DEFAULT NULL,
  `dpto_ubi_rut` varchar(70) DEFAULT NULL,
  `ciud_ubi_rut` varchar(50) DEFAULT NULL,
  `drccion_rut` varchar(70) DEFAULT NULL,
  `dir_correo_rut` varchar(80) DEFAULT NULL,
  `aprtdo_aereo_rut` varchar(20) DEFAULT NULL,
  `telefono1_rut` varchar(20) DEFAULT NULL,
  `telefono2_rut` varchar(20) DEFAULT NULL,
  `actvdad_prncpal_rut` varchar(70) DEFAULT NULL,
  `fcha_act_prn_rut` date DEFAULT NULL,
  `actvdad_scndria_rut` varchar(70) DEFAULT NULL,
  `fcha_act_scn_rut` date DEFAULT NULL,
  `actvdad_otras_rut` varchar(70) DEFAULT NULL,
  `fcha_act_otr_rut` date DEFAULT NULL,
  `e_mail1_rut` varchar(80) DEFAULT NULL,
  `usu_cntcto1_rut` varchar(50) DEFAULT NULL,
  `tel_cntcto1_rut` varchar(30) DEFAULT NULL,
  `e_mail2_rut` varchar(80) DEFAULT NULL,
  `usu_cntcto2_rut` varchar(50) DEFAULT NULL,
  `tel_cntcto2_rut` varchar(30) DEFAULT NULL,
  `e_mail3_rut` varchar(80) DEFAULT NULL,
  `usu_cntcto3_rut` varchar(50) DEFAULT NULL,
  `tel_cntcto3_rut` varchar(30) DEFAULT NULL,
  `dir_web_rut` varchar(100) DEFAULT NULL,
  `tel_fax_rut` varchar(50) DEFAULT NULL,
  `num_iva_rut` varchar(20) DEFAULT NULL,
  `cal_pstva_rut` int(7) DEFAULT NULL,
  `cal_ngtva_rut` int(7) DEFAULT NULL,
  `regimen_rut` varchar(2) DEFAULT NULL,
  `gran_cntrbynte_rut` varchar(2) DEFAULT NULL,
  `auto_rtndor_rut` varchar(2) DEFAULT NULL,
  `actvdad_ica_rut` varchar(6) DEFAULT NULL,
  `usrio_creo_rut` varchar(8) DEFAULT NULL,
  `fcha_creo_rut` date DEFAULT NULL,
  `hora_creo_rut` time DEFAULT NULL,
  `usrio_rev_rut` varchar(8) DEFAULT NULL,
  `fcha_rev_rut` date DEFAULT NULL,
  `hora_rev_rut` time DEFAULT NULL,
  `usrio_apr_rut` varchar(8) DEFAULT NULL,
  `fcha_apr_rut` date DEFAULT NULL,
  `hora_apr_rut` time DEFAULT NULL,
  `usrio_act_rut` varchar(8) DEFAULT NULL,
  `fcha_act_rut` datetime DEFAULT NULL,
  `hora_act_rut` time DEFAULT NULL,
  `auditoria` varchar(155) DEFAULT NULL,
  `estado_rut` enum('A','NA') DEFAULT NULL,
  `nombre_contacto` varchar(50) DEFAULT NULL,
  `id_contacto` varchar(50) DEFAULT NULL,
  PRIMARY KEY (`id_proveedor`)
) ENGINE=InnoDB  DEFAULT CHARSET=utf8 AUTO_INCREMENT=5 ;

--
-- Dumping data for table `proveedores`
--

INSERT INTO `proveedores` (`id_proveedor`, `nitprov_rut`, `dig_ver_rut`, `tipo_cntrbynte_rut`, `tipo_dcmnto_rut`, `num_dcmnto_rut`, `fec_expdcion_rut`, `pais_exp_rut`, `dpto_exp_rut`, `mun_exp_rut`, `pri_aplldo_rut`, `seg_aplldo_rut`, `pri_nmbre_rut`, `otros_nmbre_rut`, `razon_scial_rut`, `nom_cmrcial_rut`, `pais_ubi_rut`, `dpto_ubi_rut`, `ciud_ubi_rut`, `drccion_rut`, `dir_correo_rut`, `aprtdo_aereo_rut`, `telefono1_rut`, `telefono2_rut`, `actvdad_prncpal_rut`, `fcha_act_prn_rut`, `actvdad_scndria_rut`, `fcha_act_scn_rut`, `actvdad_otras_rut`, `fcha_act_otr_rut`, `e_mail1_rut`, `usu_cntcto1_rut`, `tel_cntcto1_rut`, `e_mail2_rut`, `usu_cntcto2_rut`, `tel_cntcto2_rut`, `e_mail3_rut`, `usu_cntcto3_rut`, `tel_cntcto3_rut`, `dir_web_rut`, `tel_fax_rut`, `num_iva_rut`, `cal_pstva_rut`, `cal_ngtva_rut`, `regimen_rut`, `gran_cntrbynte_rut`, `auto_rtndor_rut`, `actvdad_ica_rut`, `usrio_creo_rut`, `fcha_creo_rut`, `hora_creo_rut`, `usrio_rev_rut`, `fcha_rev_rut`, `hora_rev_rut`, `usrio_apr_rut`, `fcha_apr_rut`, `hora_apr_rut`, `usrio_act_rut`, `fcha_act_rut`, `hora_act_rut`, `auditoria`, `estado_rut`, `nombre_contacto`, `id_contacto`) VALUES
(4, '12345-5', '13: Cedula', '1: Persona Jurídica', '13: Cedula', '80989700', NULL, '169-Colombia', 'No existe', 'No existe', 'Mira Velasquez', NULL, 'Carlos', NULL, 'C.I DE AZUCARES Y MIELES S.A', 'C.I DE AZUCARES Y MIELES S.A', '169-Colombia', '76-Valle del cauca', '001-Cali', 'Av 3 Norte', 'ciamsa@ciamsa.com', '4968', '66476911', '66476912', '4631- Comercio al por mayor de productos alimenticios', NULL, '5522- Manipulación de carga', NULL, NULL, NULL, 'descobar@renssoto.com', 'Diego Escobar Gomez', '6807979', '', '', '', '', '', '', '', '', NULL, NULL, NULL, 'C', 'S', 'S', '', 'administ', '2016-11-09', '08:06:03', NULL, NULL, NULL, NULL, NULL, NULL, NULL, NULL, NULL, '', 'A', 'RENSSOTO C.A', '805012871 0');

-- --------------------------------------------------------

--
-- Table structure for table `roles`
--

CREATE TABLE IF NOT EXISTS `roles` (
  `id_rol` bigint(20) NOT NULL AUTO_INCREMENT,
  `rol` varchar(255) DEFAULT NULL,
  `creado_rol` varchar(150) DEFAULT NULL,
  `fecha_rol` date DEFAULT NULL,
  `hora_rol` varchar(150) DEFAULT NULL,
  PRIMARY KEY (`id_rol`)
) ENGINE=InnoDB  DEFAULT CHARSET=utf8 AUTO_INCREMENT=5 ;

--
-- Dumping data for table `roles`
--

INSERT INTO `roles` (`id_rol`, `rol`, `creado_rol`, `fecha_rol`, `hora_rol`) VALUES
(1, 'ROOT', NULL, NULL, NULL),
(2, 'Admin 1', NULL, NULL, NULL),
(3, 'Admin 2', 'administrador', '2016-08-24', '5:00:48 PM'),
(4, 'Mayordomo', 'administrador', '2016-08-24', '4:59:52 PM');

-- --------------------------------------------------------

--
-- Table structure for table `sociedades`
--

CREATE TABLE IF NOT EXISTS `sociedades` (
  `id_sociedad` bigint(20) NOT NULL AUTO_INCREMENT,
  `nombre` varchar(150) DEFAULT NULL,
  `id_usuario` bigint(20) DEFAULT NULL,
  `nit` varchar(150) DEFAULT NULL,
  `creado_soc` varchar(150) DEFAULT NULL,
  `fecha_soc` date DEFAULT NULL,
  `hora_soc` varchar(150) DEFAULT NULL,
  PRIMARY KEY (`id_sociedad`)
) ENGINE=InnoDB  DEFAULT CHARSET=utf8 AUTO_INCREMENT=8 ;

--
-- Dumping data for table `sociedades`
--

INSERT INTO `sociedades` (`id_sociedad`, `nombre`, `id_usuario`, `nit`, `creado_soc`, `fecha_soc`, `hora_soc`) VALUES
(1, 'Agroguachal', 7, NULL, NULL, NULL, NULL),
(2, 'Invensa', 7, NULL, NULL, NULL, NULL),
(3, 'Quantum', 7, NULL, NULL, NULL, NULL),
(4, 'Tumaco', 7, NULL, NULL, NULL, NULL),
(5, 'Inesa', 8, NULL, NULL, NULL, NULL),
(6, 'San Felipe', 8, 'N-29807689', 'administrador', '2016-08-24', '6:02:38 PM'),
(7, 'Cantarrana', 17, '5-23499087', 'administrador', '2016-11-10', '1:57:40 PM');

-- --------------------------------------------------------

--
-- Table structure for table `subgrupos`
--

CREATE TABLE IF NOT EXISTS `subgrupos` (
  `id_subgrupo` bigint(20) NOT NULL AUTO_INCREMENT,
  `descripcion_sg` varchar(255) DEFAULT NULL,
  `cod_grupo` varchar(150) DEFAULT NULL,
  `creado_sg` varchar(150) DEFAULT NULL,
  `fecha_sg` date DEFAULT NULL,
  `hora_sg` varchar(150) DEFAULT NULL,
  `cod_sg` varchar(150) DEFAULT NULL,
  PRIMARY KEY (`id_subgrupo`)
) ENGINE=InnoDB  DEFAULT CHARSET=utf8 AUTO_INCREMENT=15 ;

--
-- Dumping data for table `subgrupos`
--

INSERT INTO `subgrupos` (`id_subgrupo`, `descripcion_sg`, `cod_grupo`, `creado_sg`, `fecha_sg`, `hora_sg`, `cod_sg`) VALUES
(8, 'FXTREMA PRESION y algo mas', '1', 'administrador', '2016-09-22', '2:06:09 AM', '2'),
(9, 'HIDRAULICOS', '1', 'administrador', '2016-09-22', '2:14:05 AM', '3'),
(10, 'MOTORES', '1', 'administrador', '2016-09-22', '2:14:28 AM', '4'),
(11, 'APEROS', '3', 'administrador', '2016-09-22', '2:15:11 AM', '1'),
(12, 'CONCENTRADOS', '3', 'administrador', '2016-09-22', '2:23:08 AM', '2'),
(13, 'PRODUCTOS VETERINARIOS', '3', 'administrador', '2016-09-22', '2:24:08 AM', '3'),
(14, 'ELEMENTOS POR CLASIFICAR', '3', 'administrador', '2016-09-22', '2:26:57 AM', '5');

-- --------------------------------------------------------

--
-- Table structure for table `subgrxprov`
--

CREATE TABLE IF NOT EXISTS `subgrxprov` (
  `id_subgruxprov` bigint(20) NOT NULL AUTO_INCREMENT,
  `grupo_sgp` bigint(20) DEFAULT NULL,
  `subgrupo_sgp` bigint(20) DEFAULT NULL,
  `nitprov_sgrp` varchar(50) DEFAULT NULL,
  `estado_sgrp` varchar(10) DEFAULT NULL,
  `usuario_act` varchar(50) DEFAULT NULL,
  `fecha_act` varchar(50) DEFAULT NULL,
  `hora_act` varchar(50) DEFAULT NULL,
  PRIMARY KEY (`id_subgruxprov`)
) ENGINE=InnoDB  DEFAULT CHARSET=utf8 AUTO_INCREMENT=4 ;

--
-- Dumping data for table `subgrxprov`
--

INSERT INTO `subgrxprov` (`id_subgruxprov`, `grupo_sgp`, `subgrupo_sgp`, `nitprov_sgrp`, `estado_sgrp`, `usuario_act`, `fecha_act`, `hora_act`) VALUES
(3, 3, 12, '12345-5', 'A', 'administrador', '8:54:39 PM', '2016-11-03');

-- --------------------------------------------------------

--
-- Table structure for table `tipo_iva`
--

CREATE TABLE IF NOT EXISTS `tipo_iva` (
  `id_tpi` bigint(20) NOT NULL AUTO_INCREMENT,
  `cod_tpi` varchar(255) DEFAULT NULL,
  `nombre_tpi` varchar(255) DEFAULT NULL,
  `creado_tpi` varchar(150) DEFAULT NULL,
  `fecha_tpi` date DEFAULT NULL,
  `hora_tpi` varchar(150) DEFAULT NULL,
  `porcentaje` decimal(5,2) DEFAULT NULL,
  PRIMARY KEY (`id_tpi`)
) ENGINE=InnoDB  DEFAULT CHARSET=utf8 AUTO_INCREMENT=2 ;

--
-- Dumping data for table `tipo_iva`
--

INSERT INTO `tipo_iva` (`id_tpi`, `cod_tpi`, `nombre_tpi`, `creado_tpi`, `fecha_tpi`, `hora_tpi`, `porcentaje`) VALUES
(1, '0', 'Sin Iva', 'administrador', '2016-09-07', '10:22:53 PM', '0.00');

-- --------------------------------------------------------

--
-- Table structure for table `unidades`
--

CREATE TABLE IF NOT EXISTS `unidades` (
  `id_unidad` bigint(20) NOT NULL AUTO_INCREMENT,
  `nombre` varchar(255) DEFAULT NULL,
  `cod_unidad` bigint(150) DEFAULT NULL,
  `creado_unidad` varchar(255) DEFAULT NULL,
  `fecha_unidad` date DEFAULT NULL,
  `hora_unidad` varchar(255) DEFAULT NULL,
  PRIMARY KEY (`id_unidad`)
) ENGINE=InnoDB  DEFAULT CHARSET=utf8 AUTO_INCREMENT=26 ;

--
-- Dumping data for table `unidades`
--

INSERT INTO `unidades` (`id_unidad`, `nombre`, `cod_unidad`, `creado_unidad`, `fecha_unidad`, `hora_unidad`) VALUES
(3, 'FCO', 1, 'administrador', '2016-09-22', '2:44:21 AM'),
(4, 'KGR', 2, 'administrador', '2016-09-22', '2:45:03 AM'),
(5, 'UND', 3, 'administrador', '2016-09-22', '2:45:21 AM'),
(6, 'LTR', 4, 'administrador', '2016-09-22', '2:45:54 AM'),
(7, 'LBR', 5, 'administrador', '2016-09-22', '2:46:17 AM'),
(8, 'AMP', 6, 'administrador', '2016-09-22', '2:46:39 AM'),
(9, 'GLN', 7, 'administrador', '2016-09-22', '2:46:58 AM'),
(10, 'CTO', 8, 'administrador', '2016-09-22', '2:47:25 AM'),
(11, 'MTR', 9, 'administrador', '2016-09-22', '2:47:43 AM'),
(12, 'PAR', 10, 'administrador', '2016-09-22', '2:48:01 AM'),
(13, 'LAM', 11, 'administrador', '2016-09-22', '2:48:23 AM'),
(14, 'TAM', 12, 'administrador', '2016-09-22', '2:56:32 AM'),
(15, 'CAJ', 13, 'administrador', '2016-09-22', '2:56:59 AM'),
(16, 'BUL', 14, 'administrador', '2016-09-22', '2:57:24 AM'),
(17, 'GR', 15, 'administrador', '2016-09-22', '2:57:43 AM'),
(18, 'JGO', 16, 'administrador', '2016-09-22', '2:58:09 AM'),
(19, 'PUL', 17, 'administrador', '2016-09-22', '2:58:31 AM'),
(20, 'MT3', 15, 'administrador', '2016-09-22', '2:59:01 AM'),
(21, 'PAQ', 16, 'administrador', '2016-09-22', '2:59:18 AM'),
(22, 'RLL', 17, 'administrador', '2016-09-22', '2:59:34 AM'),
(23, 'TRA', 18, 'administrador', '2016-09-22', '2:59:53 AM'),
(24, 'TBO', 19, 'administrador', '2016-09-22', '3:00:11 AM'),
(25, 'KIT', 20, 'administrador', '2016-09-22', '3:00:39 AM');

